{"id":4996,"date":"2021-12-15T11:22:49","date_gmt":"2021-12-15T14:22:49","guid":{"rendered":"https:\/\/agrihold.com\/personas-y-medioambiente\/"},"modified":"2021-12-15T21:42:36","modified_gmt":"2021-12-16T00:42:36","slug":"personas-y-medioambiente","status":"publish","type":"page","link":"https:\/\/agrihold.com\/es\/personas-y-medioambiente\/","title":{"rendered":"PERSONAS Y MEDIOAMBIENTE"},"content":{"rendered":"<p>[vc_row full_width=\u00bbstretch_row_content_no_spaces\u00bb content_placement=\u00bbmiddle\u00bb el_class=\u00bbsection_header_pages\u00bb css=\u00bb.vc_custom_1610379771001{margin-bottom: 0px !important;padding-bottom: 0px !important;}\u00bb][vc_column css=\u00bb.vc_custom_1610388525552{margin-bottom: 0px !important;padding-bottom: 0px !important;}\u00bb][vc_single_image image=\u00bb3851&#8243; img_size=\u00bb1920&#215;600&#8243; alignment=\u00bbcenter\u00bb css=\u00bb.vc_custom_1610388532415{margin-bottom: 0px !important;padding-bottom: 0px !important;}\u00bb][\/vc_column][\/vc_row][vc_row full_width=\u00bbstretch_row_content\u00bb full_height=\u00bbyes\u00bb equal_height=\u00bbyes\u00bb content_placement=\u00bbmiddle\u00bb el_class=\u00bbsection1_pessoas-ma titulo_inicial\u00bb css=\u00bb.vc_custom_1610380578919{margin-top: 0px !important;margin-bottom: 0px !important;padding-top: 0px !important;padding-right: 0px !important;padding-bottom: 0px !important;padding-left: 0px !important;}\u00bb][vc_column css=\u00bb.vc_custom_1616756983552{padding-top: 45px !important;padding-bottom: 30px !important;background-color: #f37022 !important;}\u00bb offset=\u00bbvc_col-lg-7 vc_col-md-7 vc_col-xs-12&#8243;][vc_column_text el_class=\u00bbcontainer_texto_pessoas\u00bb]<\/p>\n<h3><span style=\"color: #ffffff;\"><strong>COMPROMISO CON EL MEDIOAMBIENTE Y LA SOCIEDAD<\/strong><\/span><\/h3>\n<p><span style=\"color: #ffffff;\">La preocupaci\u00f3n con el ser humano y el cuidado con el medioambiente siempre estuvieron presentes en el ADN del grupo Agrihold. Todos nuestros negocios se generan y se conducen basado en pol\u00edticas ambientales s\u00f3lidas que tiene como objetivo el cuidado con la seguridad y la salud de las personas. Por ello, animamos el uso de las mejores pr\u00e1cticas, como la adopci\u00f3n de programas de uso de EPIs, el manejo correcto en la aplicaci\u00f3n de agroqu\u00edmicos y la limpieza de envases de productos qu\u00edmicos.<\/span>[\/vc_column_text][\/vc_column][vc_column css=\u00bb.vc_custom_1610388713346{margin-bottom: 0px !important;padding-bottom: 0px !important;}\u00bb offset=\u00bbvc_col-lg-5 vc_col-md-5 vc_col-xs-12&#8243;][vc_single_image image=\u00bb4132&#8243; img_size=\u00bblarge\u00bb alignment=\u00bbcenter\u00bb css=\u00bb.vc_custom_1616454753380{margin-bottom: 0px !important;padding-bottom: 0px !important;}\u00bb][\/vc_column][\/vc_row][vc_row][vc_column][vc_empty_space height=\u00bb82px\u00bb][\/vc_column][\/vc_row][vc_row css=\u00bb.vc_custom_1608774354839{margin-top: 50px !important;}\u00bb][vc_column][vc_column_text css_animation=\u00bbfadeIn\u00bb el_class=\u00bbtitulo_inicial\u00bb]<\/p>\n<h3 style=\"text-align: center;\"><span style=\"color: #0055a3;\">PLAN DE GESTI\u00d3N SOCIAL Y AMBIENTAL<\/span><\/h3>\n<p>[\/vc_column_text][vc_empty_space height=\u00bb92px\u00bb][vc_single_image image=\u00bb4063&#8243; img_size=\u00bblarge\u00bb alignment=\u00bbcenter\u00bb css_animation=\u00bbfadeIn\u00bb][vc_single_image image=\u00bb5056&#8243; img_size=\u00bblarge\u00bb alignment=\u00bbcenter\u00bb css_animation=\u00bbfadeIn\u00bb][\/vc_column][\/vc_row][vc_row full_width=\u00bbstretch_row_content_no_spaces\u00bb el_class=\u00bbsection_title_negocios\u00bb css=\u00bb.vc_custom_1610711802714{margin-top: 50px !important;margin-bottom: 50px !important;}\u00bb][vc_column][vc_column_text css_animation=\u00bbfadeInDown\u00bb el_id=\u00bbpessoas-e-ma-saude-seguranca-ocupacional\u00bb]<span style=\"color: #ffffff;\"><b>SALUD Y<br \/>\nSEGURIDAD<br \/>\nLABORAL<\/b><\/span>[\/vc_column_text][\/vc_column][\/vc_row][vc_row][vc_column][vc_single_image image=\u00bb4066&#8243; img_size=\u00bblarge\u00bb alignment=\u00bbcenter\u00bb css_animation=\u00bbfadeIn\u00bb][\/vc_column][\/vc_row][vc_row full_width=\u00bbstretch_row_content_no_spaces\u00bb el_class=\u00bbsection_title_negocios\u00bb css=\u00bb.vc_custom_1610711905224{margin-top: 50px !important;margin-bottom: 50px !important;}\u00bb][vc_column][vc_column_text css_animation=\u00bbfadeInDown\u00bb el_id=\u00bbgestao-ambiental\u00bb css=\u00bb.vc_custom_1610726926291{padding-left: 35px !important;}\u00bb]<span style=\"color: #ffffff;\"><b>GESTI\u00d3N<br \/>\nAMBIENTAL<\/b><\/span>[\/vc_column_text][\/vc_column][\/vc_row][vc_row css=\u00bb.vc_custom_1610465413919{margin-bottom: 45px !important;}\u00bb][vc_column][vc_single_image image=\u00bb4067&#8243; img_size=\u00bblarge\u00bb alignment=\u00bbcenter\u00bb css_animation=\u00bbfadeIn\u00bb][\/vc_column][\/vc_row][vc_row][vc_column][vc_empty_space height=\u00bb72px\u00bb][\/vc_column][\/vc_row]<\/p>\n","protected":false},"excerpt":{"rendered":"<p>[vc_row full_width=\u00bbstretch_row_content_no_spaces\u00bb content_placement=\u00bbmiddle\u00bb el_class=\u00bbsection_header_pages\u00bb css=\u00bb.vc_custom_1610379771001{margin-bottom: 0px !important;padding-bottom: 0px !important;}\u00bb][vc_column css=\u00bb.vc_custom_1610388525552{margin-bottom: 0px !important;padding-bottom: 0px !important;}\u00bb][vc_single_image image=\u00bb3851&#8243; img_size=\u00bb1920&#215;600&#8243; alignment=\u00bbcenter\u00bb css=\u00bb.vc_custom_1610388532415{margin-bottom: 0px !important;padding-bottom: 0px !important;}\u00bb][\/vc_column][\/vc_row][vc_row full_width=\u00bbstretch_row_content\u00bb full_height=\u00bbyes\u00bb equal_height=\u00bbyes\u00bb content_placement=\u00bbmiddle\u00bb el_class=\u00bbsection1_pessoas-ma titulo_inicial\u00bb css=\u00bb.vc_custom_1610380578919{margin-top: 0px&#8230;<\/p>\n","protected":false},"author":2,"featured_media":0,"parent":0,"menu_order":0,"comment_status":"closed","ping_status":"closed","template":"","meta":{"footnotes":""},"class_list":["post-4996","page","type-page","status-publish","hentry"],"_links":{"self":[{"href":"https:\/\/agrihold.com\/es\/wp-json\/wp\/v2\/pages\/4996","targetHints":{"allow":["GET"]}}],"collection":[{"href":"https:\/\/agrihold.com\/es\/wp-json\/wp\/v2\/pages"}],"about":[{"href":"https:\/\/agrihold.com\/es\/wp-json\/wp\/v2\/types\/page"}],"author":[{"embeddable":true,"href":"https:\/\/agrihold.com\/es\/wp-json\/wp\/v2\/users\/2"}],"replies":[{"embeddable":true,"href":"https:\/\/agrihold.com\/es\/wp-json\/wp\/v2\/comments?post=4996"}],"version-history":[{"count":2,"href":"https:\/\/agrihold.com\/es\/wp-json\/wp\/v2\/pages\/4996\/revisions"}],"predecessor-version":[{"id":5064,"href":"https:\/\/agrihold.com\/es\/wp-json\/wp\/v2\/pages\/4996\/revisions\/5064"}],"wp:attachment":[{"href":"https:\/\/agrihold.com\/es\/wp-json\/wp\/v2\/media?parent=4996"}],"curies":[{"name":"wp","href":"https:\/\/api.w.org\/{rel}","templated":true}]}}

<p>[vc_row full_width=»stretch_row_content_no_spaces» content_placement=»middle» el_class=»section_header_pages» css=».vc_custom_1610379771001{margin-bottom: 0px !important;padding-bottom: 0px !important;}»][vc_column css=».vc_custom_1610388525552{margin-bottom: 0px !important;padding-bottom: 0px !important;}»][vc_single_image image=»3851&#8243; img_size=»1920&#215;600&#8243; alignment=»center» css=».vc_custom_1610388532415{margin-bottom: 0px !important;padding-bottom: 0px !important;}»][/vc_column][/vc_row][vc_row full_width=»stretch_row_content» full_height=»yes» equal_height=»yes» content_placement=»middle» el_class=»section1_pessoas-ma titulo_inicial» css=».vc_custom_1610380578919{margin-top: 0px !important;margin-bottom: 0px !important;padding-top: 0px !important;padding-right: 0px !important;padding-bottom: 0px !important;padding-left: 0px !important;}»][vc_column css=».vc_custom_1616756983552{padding-top: 45px !important;padding-bottom: 30px !important;background-color: #f37022 !important;}» offset=»vc_col-lg-7 vc_col-md-7 vc_col-xs-12&#8243;][vc_column_text el_class=»container_texto_pessoas»]</p>
<h3><span style="color: #ffffff;"><strong>COMPROMISO CON EL MEDIOAMBIENTE Y LA SOCIEDAD</strong></span></h3>
<p><span style="color: #ffffff;">La preocupación con el ser humano y el cuidado con el medioambiente siempre estuvieron presentes en el ADN del grupo Agrihold. Todos nuestros negocios se generan y se conducen basado en políticas ambientales sólidas que tiene como objetivo el cuidado con la seguridad y la salud de las personas. Por ello, animamos el uso de las mejores prácticas, como la adopción de programas de uso de EPIs, el manejo correcto en la aplicación de agroquímicos y la limpieza de envases de productos químicos.</span>[/vc_column_text][/vc_column][vc_column css=».vc_custom_1610388713346{margin-bottom: 0px !important;padding-bottom: 0px !important;}» offset=»vc_col-lg-5 vc_col-md-5 vc_col-xs-12&#8243;][vc_single_image image=»4132&#8243; img_size=»large» alignment=»center» css=».vc_custom_1616454753380{margin-bottom: 0px !important;padding-bottom: 0px !important;}»][/vc_column][/vc_row][vc_row][vc_column][vc_empty_space height=»82px»][/vc_column][/vc_row][vc_row css=».vc_custom_1608774354839{margin-top: 50px !important;}»][vc_column][vc_column_text css_animation=»fadeIn» el_class=»titulo_inicial»]</p>
<h3 style="text-align: center;"><span style="color: #0055a3;">PLAN DE GESTIÓN SOCIAL Y AMBIENTAL</span></h3>
<p>[/vc_column_text][vc_empty_space height=»92px»][vc_single_image image=»4063&#8243; img_size=»large» alignment=»center» css_animation=»fadeIn»][vc_single_image image=»5056&#8243; img_size=»large» alignment=»center» css_animation=»fadeIn»][/vc_column][/vc_row][vc_row full_width=»stretch_row_content_no_spaces» el_class=»section_title_negocios» css=».vc_custom_1610711802714{margin-top: 50px !important;margin-bottom: 50px !important;}»][vc_column][vc_column_text css_animation=»fadeInDown» el_id=»pessoas-e-ma-saude-seguranca-ocupacional»]<span style="color: #ffffff;"><b>SALUD Y<br />
SEGURIDAD<br />
LABORAL</b></span>[/vc_column_text][/vc_column][/vc_row][vc_row][vc_column][vc_single_image image=»4066&#8243; img_size=»large» alignment=»center» css_animation=»fadeIn»][/vc_column][/vc_row][vc_row full_width=»stretch_row_content_no_spaces» el_class=»section_title_negocios» css=».vc_custom_1610711905224{margin-top: 50px !important;margin-bottom: 50px !important;}»][vc_column][vc_column_text css_animation=»fadeInDown» el_id=»gestao-ambiental» css=».vc_custom_1610726926291{padding-left: 35px !important;}»]<span style="color: #ffffff;"><b>GESTIÓN<br />
AMBIENTAL</b></span>[/vc_column_text][/vc_column][/vc_row][vc_row css=».vc_custom_1610465413919{margin-bottom: 45px !important;}»][vc_column][vc_single_image image=»4067&#8243; img_size=»large» alignment=»center» css_animation=»fadeIn»][/vc_column][/vc_row][vc_row][vc_column][vc_empty_space height=»72px»][/vc_column][/vc_row]</p>
